8. Let x = -22 + w. What are the prime factors of x?
2, 5
Let r(y) = -3*y + 2*y - y**2 + 4 - 174*y**3 + 4*y. What are the prime factors of r(-1)?
2, 3, 29
Suppose 0*z = -8*z + 80. Let u(o) = -o**3 + 4*o**2 - 9*o + 8. Let x be u(2). What are the prime factors of (x - (-424)/6)/(z/30)?
2, 103
Let o be 21082/(-249)*3/(-2). Suppose -112*n = -o*n + 10890. What are the prime factors of n?
2, 3, 11
Let b = 2 - -3. Let q(z) be the first derivative of -z**4/4 + 7*z**3/3 - z**2/2 + 71. List the prime factors of q(b).
3, 5
Let s(g) be the first derivative of 81*g**2/2 - 67*g - 98. List the prime factors of s(7).
2, 5
Let p be 405/(-11) - 6/33. Let z = 35 + p. What are the prime factors of 342/z*20/(-60)?
3, 19
Suppose 0 = -y + 39 - 21. Let s(w) = -w**3 + 21*w**2 - 17*w + 27. List the prime factors of s(y).
3, 7, 11
Suppose 0 = -7*a + 12*a - x - 201066, -5*x = 5. List the prime factors of a.
40213
Let g = 102 + -48. Let h = g + -36. Let q(r) = r**3 - 19*r**2 + 26*r + 8. List the prime factors of q(h).
2, 19
Let k be (4/8)/(1/(-1622)). Let a = k + 1267. List the prime factors of a.
2, 3, 19
Let h = 416 - 278. What are the prime factors of (299/(-69))/((-2)/h)?
13, 23
Suppose q = 3*f - 20929, 3 - 1 = q. What are the prime factors of f?
6977
Suppose -2*s - 97 = -x, 4*s - 5*x + 10 = -181. What are the prime factors of (-830)/(-35)*(0 - s)?
2, 7, 83
Suppose -120*y + 116*y + 2*z = -110, 37 = 2*y + 5*z. List the prime factors of y/(-39)*6141/(-2).
23, 89
Let v = -25364 - -48951. List the prime factors of v.
103, 229
List the prime factors of 1 + (-4917*(-1 - 0) - 4).
2, 3, 7, 13
Let l(n) = 4*n**2 + 15*n - 6. Let v be l(-12). Suppose 237 = 2*i - 3*g - v, -3*i = 4*g - 983. What are the prime factors of i?
3, 107
Let g(k) = k**3 + 16*k**2 + 14*k - 4. Let y be g(-8). Let o = 510 - y. List the prime factors of o.
2, 3, 19
List the prime factors of (30*34/(-16))/(3 + (-10623)/3540).
3, 5, 17, 59
Let h be 5785/(-39) - (-1)/3. Let z = 210 + h. Suppose 2*i - z = s, -2*i + 31 = 2*s - 19. What are the prime factors of i?
29
Suppose 6*j - j - 5*g = 0, -3*j + 5*g = -8. Let n = 23 + j. Suppose -21*m + n*m + 166 = 0. List the prime factors of m.
83
Suppose 37*v - 40*v + 50358 = -2*d, 10*v - d = 167860. List the prime factors of v.
2, 7, 11, 109
Suppose 18828 = 25*i - 28647. What are the prime factors of i?
3, 211
List the prime factors of 10752 + (-27 - -19 - (-1 + -19)).
2, 3, 13, 23
Let k(g) = 3*g**2 + 6*g - 8. Let u(i) = -i**2 - 9*i**2 + i - 8*i + 9 + 7*i**2. Let f(p) = 5*k(p) + 4*u(p). List the prime factors of f(5).
3
What are the prime factors of 1596166/154 + (-63)/(-49)?
2, 71, 73
What are the prime factors of (6392/(-3))/((-140)/420)?
2, 17, 47
Let o be -3*(-4 + (-128)/3). Suppose -6*c + 10*c + 296 = 0. Let u = c + o. List the prime factors of u.
2, 3, 11
Let j = 96 - 94. Suppose a + 3*v - j*v = 12, -74 = -5*a + 2*v. Suppose 6*r + 1360 = a*r. What are the prime factors of r?
2, 5, 17
Suppose -4*n + 4*r = 5047 - 38115, -2*n = -4*r - 16532. List the prime factors of n.
2, 3, 13, 53
Let w(y) = y**3 - 6*y**2 - 6*y + 16. Let o be w(7). Let n = -24 + o. What are the prime factors of (-1 - (-1 - n)) + (-133)/(-1)?
2, 3, 11
Let i = 197538 + -128864. List the prime factors of i.
2, 34337
Suppose -2*a = z - 17226, a - 6*a - 3*z + 43063 = 0. List the prime factors of a.
5, 1723
Let r(d) = 2*d**3 - 60*d**2 + 830*d - 157. What are the prime factors of r(39)?
7, 8513
Let c = 2920 - -1350. List the prime factors of c.
2, 5, 7, 61
Let i(q) = 3*q - 3. Let s be i(7). Let m be 3 + 1 - (-126)/s. Let f(z) = z**3 - 11*z**2 + 4*z + 4. List the prime factors of f(m).
2, 3
Let h be -1*(232/(-72) - 2/(-9)). Let t = h + -14. What are the prime factors of 8 + t + 17*3?
2, 3
Let q(z) = -16*z**2 + 11*z + 84. Let v be q(-5). Let n = 673 + v. What are the prime factors of n?
2, 151
Suppose -54796 = -52*w + 49*w + 4*z, 0 = 3*w - 2*z - 54812. List the prime factors of w.
2, 3, 1523
Suppose o = -v + 10180, -o - 3*o - 10*v = -40720. List the prime factors of o.
2, 5, 509
Suppose 48*d - 45*d - 2802 = 0. Suppose 0 = -3*s + h + 959, 7*s + 4*h - d = 4*s. List the prime factors of s.
2, 3, 53
Let q = 20 + -6. Suppose x - t = 2, -x - q = -4*x - t. Suppose 456 = 2*y + x*y. List the prime factors of y.
2, 19
Suppose 0 = 5*f - 275 + 285, -4*r = -4*f - 928. Let z = 24 - 62. Let g = r - z. List the prime factors of g.
2, 67
Suppose -1383 = 8*m - 6*m + 3*q, -4*q - 2074 = 3*m. Let g = m + 1745. List the prime factors of g.
5, 211
Let l = -1 - -7. Suppose 5*f - 5*y = 4460, -171*y + 3583 = 4*f - 172*y. Suppose l*w = -231 + f. What are the prime factors of w?
3, 37
Let a(m) = 271*m**2 - 19*m + 5. Let x be a(9). Suppose -33*n + x = -1381. What are the prime factors of n?
2, 3, 13
Let d(a) = -2*a**3 - a**2 + a + 2. Let l be d(-2). Let p(j) = -3*j**2 + l*j**2 - j - 2*j**2 - 9. What are the prime factors of p(6)?
3, 79
Let n(h) = -13 + 18*h + 11 - 7*h - 6*h. What are the prime factors of n(12)?
2, 29
Let i(b) = -697*b + 301. List the prime factors of i(-8).
3, 653
Let s = 343 - -623. Let x = s + 129. List the prime factors of x.
3, 5, 73
Let r(x) = -193*x**2 + 1374*x. List the prime factors of r(6).
2, 3
Let v(y) = 15*y**3 + 13*y**3 + 8*y + 15*y**2 - 36*y**3 - 38 + 9*y**3. What are the prime factors of v(-14)?
2, 23
Let d = 31867 - 20701. List the prime factors of d.
2, 3, 1861
Suppose 41*m + 3384 = 49*m. Let z = 479 - m. List the prime factors of z.
2, 7
Suppose 0 = -5*m - 0*m + 5, 0 = -3*o - 3*m - 348. What are the prime factors of (-46)/23*o/2?
3, 13
Let u(n) = -n**2 - 2*n + 7. Let h be u(-3). Suppose -2*i = -h*i + 142. List the prime factors of i.
71
Let f = -87 - -80. Let v(r) = -r**3 - 6*r**2 - 4*r + 6. Let g be v(f). Suppose 4*a - 5*a = -g. What are the prime factors of a?
83
Let n = 211 - 355. Let p = 286 + n. Suppose 3*h - s = 2*s + 438, h = 3*s + p. What are the prime factors of h?
2, 37
Let r(p) = p**3 - 7*p + 12. Let j be (2/5)/(17/85). Suppose s + 5*b = 21, 11 - j = 3*b. What are the prime factors of r(s)?
2, 3, 31
What are the prime factors of ((-420)/(-9))/((-8)/(-732))?
2, 5, 7, 61
Suppose -2*s = 4*b - 59388, -2*s - 2*b + 81697 - 22313 = 0. List the prime factors of s.
2, 5, 2969
Suppose 3*h + 5*t = -418, -2*t - 46 = 3*h + 357. Let k = h + 130. What are the prime factors of -2 - (-5 + 3) - (-243 - k)?
2, 11
Let t = -15 + 19. Suppose -3*j + t*c = -1199 - 1070, 5*j = 5*c + 3785. Suppose 5*h = j - 139. List the prime factors of h.
2, 31
Let c(s) = -s**2 - 26*s + 5. Let q be c(-25). Suppose 516 = 32*m - q*m. List the prime factors of m.
2, 3, 43
Let i(v) be the first derivative of v**3 + 2*v**2 + 3*v - 1. Let m be (-10)/(-105) - (-1230)/315. What are the prime factors of i(m)?
67
Let k be (3/(-4) - 35/(-100))*15. Let j(q) = q**2 + 5*q - 10. Let z be j(k). Let i = z + 29. What are the prime factors of i?
5
Let h(u) = 2*u**2 - 2*u - 38. Let x be h(5). Let r(b) = -3*b**2 - 1 + 2*b + 0*b**3 + 0*b**3 + 3*b**3. What are the prime factors of r(x)?
3, 5
Let v(t) = 12*t**3 + 10*t**2 - 53*t + 335. What are the prime factors of v(7)?
2, 5, 457
Let r(p) = -3*p + 4. Let z be r(3). Let k(b) = -29 + 7 + 2*b - 15*b**2 + 5*b**2 + 12*b**2. List the prime factors of k(z).
2, 3
Suppose -5*j + v = -3 - 3, 0 = -j + 3*v + 4. Let d(h) = -16*h - 7 + 24 + j. List the prime factors of d(-8).
2, 73
Suppose -22*k - 26899 + 271593 = -113642. What are the prime factors of k?
2, 509
Let s(r) = r**2 - 9*r - 2. Let j(m) = 2*m**2 - 10*m - 3. Let x(c) = -2*j(c) + 3*s(c). Let k be x(-5). Let g = k - -28. What are the prime factors of g?
2, 19
Let o be ((-345646)/14 - (-3 - -2))/(-2). What are the prime factors of o/40 + 2/5?
3, 103
Suppose 0 = -12613*p + 12595*p + 274896. List the prime factors of p.
2, 23, 83
Suppose -9*b = -19*b - 20. What are the prime factors of (42/(-18) - b)*-984?
2, 41
Let y = 1364 + -807. Suppose -b = 2*t - y, -2*b + 0*t + 1129 = t. Suppose b = 5*f + 2*x, -4*x + 3*x = f - 111. List the prime factors of f.
5, 23
Let o(c) be the second derivative of 0 - 1/6*c**3 - c**2 + 3/5*c**5 - 1/6*c**4 + 4*c. List the prime factors of o(2).
2, 3, 7
Suppose 0 = 2*n - 14*w + 15*w - 39579, -4*n - 4*w = -79148. What are the prime factors of n?
2, 1237
Let j(s) = -694*s - 763. What are the prime factors of j(-15)?
11, 877
Let h = -10737